 544, -y - a = 27 - 165. Suppose 0*c - 2*c - 2 = 0. Let i = y - c. What is the tens digit of i?
4
Let a(p) = 124*p**2 + p + 6. What is the tens digit of a(4)?
9
Let j = 70446 + -45137. What is the units digit of j?
9
Suppose 31485 = -29*o + 32*o + 4*f, -4*o + 2*f + 41936 = 0. What is the thousands digit of o?
0
Let s(y) = 10*y**2 - 4*y + 3. Let n be s(5). Suppose -3*h = -4*h - n. Let c = -127 - h. What is the hundreds digit of c?
1
Let u(m) be the third derivative of 10*m**2 - 17/6*m**4 + 0*m + 1/3*m**3 + 0. What is the units digit of u(-2)?
8
Let g be -4 - -13 - 6 - 0. Let w(r) = 148*r**2 + 5*r - 8. What is the units digit of w(g)?
9
Let y be (81/(-15) - -5)*-10. Suppose -y*i - 5*a - 29 + 552 = 0, -3*a = 4*i - 525. What is the units digit of i?
2
Let k be (-2 - 4/(-1)) + -142. What is the units digit of 14/((-4)/(-2))*(-9400)/k?
0
Let g(m) = 8*m**3 - 23*m**2 - 30*m + 42. Let q be g(8). Suppose -3*o + 605 = z, -3*z - o - 608 = -2439. Suppose -15*n - z = -q. What is the tens digit of n?
2
Let o be (2 - 24/8)/(1/(-2)). Suppose 5*w - o*f = 3*f + 1930, -f + 1948 = 5*w. What is the hundreds digit of w?
3
Let h be 2 - 5 - (-6 - 9). Suppose -h*s = -32*s + 5820. What is the tens digit of s?
9
Let w be 36/(-27)*3/(-2). Let x be w/(-4) + 243/6. Let p = -29 + x. What is the units digit of p?
1
Let z be -1342 + -5 - (0 + 7). Let t = 330 - z. What is the tens digit of t?
8
Suppose -19*l = -24*l + 150. Let a = -28 + l. Suppose -4*h = 0, -a*o + 3*o + h = 15. What is the tens digit of o?
1
Let c(v) = -v + 2. Let a be c(3). What is the tens digit of 7 + (a - 1) - -28?
3
Let y = 225007 - 149462. What is the ten thousands digit of y?
7
Suppose -3*z - 2*q + 6 = 0, -4*z + 8 = 6*q - 11*q. Let d be 168/z + 3 + 5. Let v = 114 - d. What is the units digit of v?
2
Suppose 1510834 + 1624766 = 234*s. What is the units digit of s?
0
Let w(n) = -n**3 - 7*n**2 - n + 8. Let h be w(-7). Let s = -141 - -139. What is the tens digit of s + h/3 - -82?
8
What is the hundreds digit of -4 + 205013/7 - (-1)/(-14)*-6?
2
Suppose -6*h = -12*h. Suppose h = 7*j - 6*j - 2. What is the tens digit of 76 + 5 - (3 - j - -2)?
7
Suppose -2*i + j + 1108 = 0, i - 692 = -5*j - 127. Suppose i = 3*l + 6. Suppose 49 = 4*g - l. What is the units digit of g?
8
Let q = 1357 + 543. What is the tens digit of q?
0
Let l = 46 - 18. Let c = l - 26. Suppose -3*h = -c*f + 128, 4*f - 364 = 3*h - 108. What is the units digit of f?
4
Let h(q) = 5*q**2 - 22*q + 819. What is the hundreds digit of h(36)?
5
Let y(n) = -n**2 + 5*n - 13. Let z be y(4). Let c be 110*(1 - z/(-15)). What is the units digit of (-21)/((16 + -17)/(c/6))?
4
Let q(d) = 2113*d - 1243. What is the hundreds digit of q(4)?
2
Let a = -5689 + 10522. What is the hundreds digit of a?
8
Suppose 86797 = 5*i - t, 29*t = -4*i + 26*t + 69430. What is the ten thousands digit of i?
1
Suppose 27*y - 336 = 15*y. Let o be 2 + 6 + 3 + -6. Suppose -o*l + y + 152 = 0. What is the tens digit of l?
3
Let j = 653 + -648. Suppose j*a = -3 - 12, 4*x + 5*a = 1725. What is the tens digit of x?
3
Let a(f) = -2*f**3 + 121*f**2 + 273*f + 37. What is the tens digit of a(62)?
3
Let z(q) = 28*q**2 + 2*q - 6. Suppose -7*g - 30 = 5*o - 5*g, 0 = -4*o + 4*g + 4. What is the hundreds digit of z(o)?
4
What is the units digit of (-5 + -2 - 1) + (2 - -6160)?
4
Let o(t) = -t**2 - 7*t - 7. Let p be o(-2). Let k(w) = -7*w + w**p - 1 - 10*w**2 - 10 + 0 - 14. What is the units digit of k(11)?
9
Suppose 2*h - x = 6341, h - x - 5073 = -1900. What is the tens digit of h?
6
Suppose -25 = -6*o - 1. Let l be (-3)/(-21) - 40/(-14). Suppose -5*w = -l*x - 60, -30 = -w - o*x + 5. What is the tens digit of w?
1
Let m(q) = -5*q**3 - 2*q**2 - q. Let v be m(-1). Suppose v*u = 11*u - 14. Suppose -u*k - 313 = -5*j + 303, -5*j = -3*k - 619. What is the units digit of j?
2
Let k be (-55)/(-10) + ((-28)/8 - -3). Suppose 0 = -k*u - 2*t + 1922, -2*t = -2*u + 1097 - 317. What is the tens digit of u?
8
Let f(r) = -r**3 + 6*r - 7. Let n be f(2). Let j(c) = -9*c - 37. Let s(b) = 18*b + 73. Let z(l) = n*s(l) - 7*j(l). What is the tens digit of z(12)?
4
Let d = 830 - 679. Let g = 504 + d. What is the units digit of g?
5
Suppose -30*n + 227141 = -111619. What is the thousands digit of n?
1
Let f(j) = -j**3 - 11*j**2 + 5. Let g be f(-11). Suppose -g*n + 176 = -n. Suppose -5*l + n = -3*l. What is the units digit of l?
2
Suppose 2*p + 3*f - 3344 = 0, 2*f + 8360 = 48*p - 43*p. Let o = -1100 + p. What is the units digit of o?
2
Suppose -3*i + 586 + 299 = 0. Suppose 4*c + i = 6*c + 5*u, -140 = -c + 5*u. What is the tens digit of c?
4
Let t be (5 - 9 - -266)/2. Suppose -6*l = -t - 1753. Let f = -121 + l. What is the units digit of f?
3
Let h(y) = -310*y + 5878. What is the thousands digit of h(-14)?
0
Let c(r) be the first derivative of r**2 - 59*r + 18. Let s(w) = -6*w + 176. Let a(b) = 17*c(b) + 6*s(b). What is the units digit of a(10)?
3
Suppose 0*l + 4*s = -4*l + 8, s - 2 = -4*l. Suppose l*w = 2*w + 96. Let c = 60 + w. What is the units digit of c?
2
Let u(t) be the second derivative of 1/6*t**4 + 1/2*t**3 + 0 - 2*t - t**2. What is the units digit of u(6)?
8
Suppose -4*k = -5*k + 5*q + 75, 5*k - 3*q - 331 = 0. Suppose k - 311 = 2*x - l, 5*x + 593 = -3*l. Let g = 175 + x. What is the tens digit of g?
5
Let d be (-78)/(-24) + 1/(-4) + -2. Let o be 60 + -3 + (-1)/d. Suppose 4*j + 16 - o = 0. What is the tens digit of j?
1
Suppose -9*s + 30 = s. Suppose 0*z = s*z - 354. Suppose 278 = 6*h - z. What is the tens digit of h?
6
Let o be 0*2/(-4) + 6 + -4. Let r(d) = 1 - 15*d + o*d**2 + d - 3*d**2 + 2. What is the tens digit of r(-12)?
2
What is the tens digit of (2/14)/((-17)/51) + 61519/7?
8
Let s be ((-313)/4)/((-88)/(-3168)). Let x = -1412 - s. What is the thousands digit of x?
1
Let o = -19 + 17. Let d(k) = 305*k**3 - 3*k**2 + 5*k + 3. Let q(w) = -153*w**3 + w**2 - 2*w - 1. Let z(n) = o*d(n) - 5*q(n). What is the hundreds digit of z(1)?
1
Let j(u) = -u**3 - 13*u**2 + u - 2. Let y be j(-13). Let n be ((-5)/y - 33/(-9)) + -4. Suppose o - 41 - 20 = n. What is the tens digit of o?
6
Suppose 5*n + 5124 = 2*v, -5120 = -15*v + 13*v + 3*n. Suppose -6931 = -18*l - v. What is the hundreds digit of l?
2
Let d be -4*(-21)/6*36/63. Suppose -565 = -d*j + 475. What is the hundreds digit of j?
1
Let k = 9 + 11. Let m be k/15 + -1 + (-50)/6. Let l = 43 + m. What is the tens digit of l?
3
Let j(n) = -324*n - 1285. What is the units digit of j(-25)?
5
Suppose 5*d - 3*o = 1477, -12*o - 291 = -d - 7*o. Suppose s - 3*h = d, -4*h = -2*h + 10. What is the hundreds digit of s?
2
Let n(o) = 61*o**2 + 9*o + 2. Let b(u) = 121*u**2 + 18*u + 6. Let f(l) = -6*b(l) + 13*n(l). What is the units digit of f(3)?
0
Let q = -71 + 85. Suppose 18*o - 20 = q*o. Suppose o*s - w - 636 = -2*w, 3*s = 3*w + 396. What is the units digit of s?
8
Let b = 32292 + -22707. What is the thousands digit of b?
9
Let r = -4858 + 18381. What is the ten thousands digit of r?
1
Let h(r) = 46*r + 7. Let i(p) = p**3 + 4*p**2 + 2*p + 12. Let g be i(-4). Let m be h(g). Let f = m - -61. What is the units digit of f?
2
Suppose -474*o + 2515050 = 12*o. What is the tens digit of o?
7
Let o be 3356 - 8 - (-30)/(-5). Let m = o + -2289. What is the tens digit of m?
5
Let m be (-280)/(-12)*(5 + (-215)/10). Let u = -133 - m. What is the hundreds digit of u?
2
Suppose -209*k - 69372 = -378065. What is the tens digit of k?
7
What is the hundreds digit of (174/9)/(17744/(-4440) - 8/(-2))?
3
Suppose 849*n - 1689*n + 848*n - 100000 = 0. What is the hundreds digit of n?
5
Let s(g) = g**3 - 80*g**2 - 73*g - 684. What is the thousands digit of s(87)?
5
Let r = 18327 - 9882. What is the hundreds digit of r?
4
Let b(n) = 37*n + 37. Suppose 9 = 4*r - 2*z - 15, r - 9 = -z. What is the hundreds digit of b(r)?
2
Let b = 214 + -153. Let m = -36 + 29. Let g = b + m. What is the units digit of g?
4
Suppose 36*o - 449940 = -24*o. What is the hundreds digit of o?
4
What is the tens digit of -5 + 241595/45 - (-10)/45?
6
Let w(g) = 18*g**2 + g + 13. Let r be w(-6). Let l be r - 2/(-3*(-4)/6). Let z = l - 412. What is the units digit of z?
2
What is the hundreds digit of 6/8 + 3993134/632?
3
Suppose 0 = -4*u - 5*o + 7116, 5*o = 3*u + 6*o - 5326. What is the hundreds digit of 40/(-100) + u/10?
1
Let t be ((-12)/1 -